est common divisor of 2023 and 22057347.
289
What is the greatest common divisor of 264560 and 8110?
10
What is the greatest common divisor of 68477911 and 714950?
14299
What is the highest common factor of 294101 and 2622?
437
Calculate the greatest common factor of 92831530 and 44.
22
Calculate the greatest common divisor of 26784 and 14794272.
864
Calculate the highest common divisor of 491736 and 12096.
168
What is the highest common factor of 1408704 and 214797?
759
What is the greatest common factor of 16039738 and 19162?
286
Calculate the greatest common divisor of 814804 and 899.
31
Calculate the greatest common divisor of 36 and 401954193.
9
What is the highest common factor of 10578743 and 3689?
119
Calculate the greatest common divisor of 45 and 1650885.
15
What is the greatest common factor of 169916270 and 70?
10
Calculate the highest common divisor of 1512622 and 325316.
974
What is the highest common factor of 16271938 and 40007?
3637
Calculate the greatest common factor of 1119291 and 1106097.
2199
What is the highest common divisor of 5815364 and 592?
148
Calculate the highest common divisor of 112 and 71866792.
8
Calculate the highest common divisor of 110831 and 74036.
223
Calculate the highest common divisor of 3807688 and 199048.
1432
What is the greatest common divisor of 189122035 and 22286?
1013
What is the greatest common factor of 93032842 and 929124?
17206
What is the greatest common divisor of 1242323 and 4?
1
Calculate the greatest common factor of 68 and 1793959.
17
What is the greatest common factor of 726 and 35041358?
242
Calculate the greatest common factor of 371 and 192122.
7
What is the greatest common divisor of 394666 and 367770?
82
Calculate the highest common divisor of 192 and 268193216.
64
What is the greatest common divisor of 14 and 2315878558?
14
What is the greatest common factor of 3129776886 and 6?
6
Calculate the greatest common factor of 212 and 1159163.
53
Calculate the greatest common divisor of 54386 and 149.
1
What is the highest common divisor of 3059167 and 1173?
17
What is the highest common factor of 12 and 8796000?
12
What is the greatest common divisor of 2773580488 and 322?
322
Calculate the highest common factor of 132 and 4220724.
12
Calculate the highest common factor of 239400 and 48748.
28
What is the highest common divisor of 196786 and 9394?
122
Calculate the greatest common divisor of 3409 and 2527043.
487
Calculate the greatest common divisor of 15384041 and 15813.
251
Calculate the greatest common divisor of 121698 and 123.
3
What is the highest common factor of 187520 and 1600?
320
What is the highest common factor of 1394 and 5276?
2
What is the greatest common factor of 151700715 and 45?
45
Calculate the greatest common divisor of 14400 and 7930800.
3600
Calculate the greatest common factor of 329532 and 161.
7
Calculate the greatest common factor of 3420 and 329397984.
684
What is the highest common divisor of 352704 and 20284?
44
Calculate the greatest common factor of 9418035 and 181500.
1815
What is the greatest common factor of 29659 and 1479828?
1561
Calculate the highest common divisor of 13043074 and 484.
242
What is the greatest common divisor of 445 and 4627288?
89
What is the highest common divisor of 602 and 2989792064?
602
What is the greatest common factor of 1686585 and 317165?
1145
What is the highest common divisor of 535111440 and 10755?
3585
What is the greatest common divisor of 891083 and 13021?
29
What is the highest common divisor of 5 and 74894285?
5
Calculate the highest common factor of 63559965 and 15.
15
What is the highest common factor of 14144 and 1792?
64
Calculate the greatest common factor of 417672 and 213660.
36
Calculate the greatest common divisor of 930105 and 18.
9
What is the greatest common divisor of 797801146 and 3154?
3154
What is the highest common divisor of 147 and 1337098?
7
What is the highest common factor of 1456 and 5061904?
16
What is the greatest common divisor of 1330 and 67099830?
1330
Calculate the highest common factor of 359784 and 748296.
1368
What is the highest common factor of 67503632 and 1456?
112
Calculate the highest common divisor of 9 and 2283650667.
9
What is the highest common factor of 5979479 and 1529?
11
What is the greatest common factor of 4012 and 40020703?
1003
What is the highest common factor of 8334 and 19933076?
926
What is the greatest common factor of 5928256 and 3008?
64
Calculate the highest common divisor of 2 and 6564587.
1
What is the greatest common factor of 716 and 172696694?
358
Calculate the highest common divisor of 1750560 and 3814762.
7294
Calculate the highest common divisor of 40440253 and 17759.
301
Calculate the greatest common factor of 259604111 and 845.
169
What is the greatest common factor of 620 and 5210170?
310
Calculate the highest common factor of 19222 and 994.
14
Calculate the highest common divisor of 74310160 and 11010.
3670
What is the highest common divisor of 7908521 and 81721?
1151
Calculate the greatest common factor of 20024250 and 500.
250
Calculate the greatest common divisor of 8123085 and 2588.
647
Calculate the highest common divisor of 3587297 and 368439.
643
What is the highest common factor of 168 and 4454751?
21
Calculate the highest common factor of 6105 and 13601755.
185
Calculate the highest common factor of 18607832 and 8.
8
Calculate the highest common divisor of 130 and 15336780.
10
What is the greatest common factor of 1392 and 2564528?
464
What is the highest common divisor of 85239 and 286110?
99
What is the greatest common divisor of 152428 and 90312?
212
What is the greatest common factor of 21710 and 33540?
130
What is the highest common divisor of 2835135 and 540?
135
What is the highest common factor of 25467162 and 447615?
4263
Calculate the highest common factor of 84160836 and 108.
108
Calculate the greatest common divisor of 39424 and 5817952.
224
What is the greatest common divisor of 87346092 and 36?
12
Calculate the greatest common factor of 40527 and 16584549.
4503
What is the highest common divisor of 3492150 and 7750?
1550
Calculate the highest common factor of 1178 and 8465203.
19
Calculate the highest common factor of 7152 and 380397.
447
What is the greatest common factor of 1287 and 16543540?
13
What is the highest common factor of 244222 and 19448?
374
What is the highest common divisor of 249758106 and 52?
26
What is the greatest common factor of 29193897 and 158?
79
Calculate the highest common divisor of 984846 and 3097.
3097
What is the highest common divisor of 204 and 15289332?
12
Calculate the greatest common divisor of 596996 and 8.
4
Calculate the greatest common factor of 357822 and 304056.
1854
Calculate the highest common factor of 3199 and 4148189.
457
Calculate the greatest common divisor of 124 and 120092.
4
Calculate the greatest common divisor of 970 and 2685920.
10
What is the greatest common divisor of 668336 and 56112?
16
Calculate the highest common divisor of 429030 and 432810.
1890
Calculate the highest common factor of 849 and 204789554.
283
Calculate the highest common divisor of 35 and 3953526185.
35
What is the highest common factor of 19812 and 6529197?
381
Calculate the greatest common divisor of 47283491 and 139.
139
Calculate the highest common divisor of 27918 and 22242.
66
What is the highest common factor of 132 and 2004924?
12
Calculate the greatest common divisor of 192453 and 1527.
3
What is the highest common divisor of 116637437 and 623?
623
Calculate the greatest common factor of 36282 and 7158.
6
What is the greatest common factor of 304 and 239762?
2
What is the highest common divisor of 1189 and 674859?
29
What is the highest common divisor of 284021 and 4?
1
What is the highest common divisor of 7230016 and 1856?
64
What is the greatest common factor of 273 and 2814279?
39
What is the highest common divisor of 67365 and 49?
1
Calculate the highest common factor of 3774082 and 11370.
758
What is the highest common divisor of 1256 and 8742568?
8
What is the greatest common factor of 79661 and 815987?
2153
What is the greatest common divisor of 33 and 349409?
1
Calculate the highest common factor of 2970 and 30441285.
135
Calculate the greatest common divisor of 518666